es 39 divide 2169309988?
False
Does 14 divide 41179934?
False
Is 3651019232 a multiple of 623?
True
Is 194 a factor of 604452978?
True
Does 528 divide 1046818080?
True
Does 171 divide 103716966?
False
Does 95 divide 62747215?
True
Is 8267 a factor of 257528457?
False
Is 13490928 a multiple of 297?
True
Is 279 a factor of 254053494?
True
Is 1450269216 a multiple of 264?
True
Does 18 divide 275094694?
False
Is 3664 a factor of 117531226?
False
Is 4665444 a multiple of 72?
False
Is 25 a factor of 11393050?
True
Is 29723169 a multiple of 523?
False
Is 212 a factor of 390761192?
False
Does 235 divide 134158915?
True
Is 25789224 a multiple of 12?
True
Is 90 a factor of 15682770?
True
Is 38551731 a multiple of 2?
False
Is 28614565 a multiple of 851?
False
Does 690 divide 721789607?
False
Is 9066503 a multiple of 3?
False
Is 67239720 a multiple of 81?
True
Is 3172 a factor of 1917243008?
False
Does 91 divide 697522609?
False
Is 167909253 a multiple of 26?
False
Does 1729 divide 74962963?
False
Is 2686 a factor of 1210807233?
False
Does 183 divide 223759388?
False
Is 539 a factor of 289002080?
False
Does 90 divide 62099640?
True
Is 23364676 a multiple of 97?
False
Does 2805 divide 1529378565?
True
Is 21792485 a multiple of 11?
True
Is 2608400271 a multiple of 2124?
False
Is 255 a factor of 8836792?
False
Does 20 divide 294440140?
True
Is 127488625 a multiple of 67?
False
Is 356 a factor of 503443096?
True
Is 1234 a factor of 166413538?
True
Is 345802607 a multiple of 18?
False
Is 25461962 a multiple of 2389?
True
Is 44 a factor of 138320512?
True
Does 276 divide 149189592?
True
Is 34828661 a multiple of 27?
False
Is 195785118 a multiple of 9?
True
Is 1608330132 a multiple of 85?
False
Is 76 a factor of 4209943?
False
Does 6 divide 311062866?
True
Is 3264352 a multiple of 7?
True
Is 94 a factor of 1867562?
False
Does 548 divide 65192715?
False
Is 560646740 a multiple of 2822?
True
Is 74036448 a multiple of 207?
True
Does 18 divide 15324336?
True
Is 377 a factor of 205120434?
False
Is 650401815 a multiple of 722?
False
Is 1707854707 a multiple of 569?
False
Does 108 divide 34623401?
False
Does 9 divide 25052662?
False
Is 86381426 a multiple of 1278?
False
Does 6 divide 12674449?
False
Is 329502497 a multiple of 24?
False
Is 165 a factor of 1932825137?
False
Does 542 divide 22151623?
False
Does 3184 divide 87288966?
False
Is 5984 a factor of 1853023392?
True
Is 604676 a multiple of 3700?
False
Does 2140 divide 24619067?
False
Is 39 a factor of 29582765?
False
Is 226 a factor of 524245989?
False
Is 27 a factor of 25163352?
True
Is 141933480 a multiple of 370?
True
Is 47 a factor of 3670042?
True
Is 30218767 a multiple of 14?
False
Is 108989154 a multiple of 117?
False
Does 32 divide 58036352?
True
Is 11 a factor of 460402355?
False
Is 496 a factor of 11549885?
False
Is 7130 a factor of 424413250?
True
Is 18826704 a multiple of 39?
True
Does 12 divide 11826069?
False
Is 208649190 a multiple of 13?
False
Does 6 divide 1600416048?
True
Is 11 a factor of 24443281?
False
Does 2282 divide 176994443?
False
Does 14607 divide 4495231215?
True
Is 28126587 a multiple of 2?
False
Is 4228 a factor of 46153028?
False
Is 67152120 a multiple of 140?
True
Does 13 divide 309150309?
True
Is 130570760 a multiple of 1018?
False
Does 438 divide 1139429844?
True
Is 48472831 a multiple of 17?
True
Is 18 a factor of 513122940?
True
Does 107 divide 2719503?
False
Is 106275453 a multiple of 15?
False
Is 193205376 a multiple of 576?
True
Is 1851738056 a multiple of 17?
True
Is 417 a factor of 59380800?
True
Is 2502841989 a multiple of 1200?
False
Is 169813288 a multiple of 31?
True
Is 1472801428 a multiple of 43?
True
Is 136644989 a multiple of 4?
False
Is 202980076 a multiple of 120?
False
Does 32 divide 1493059920?
False
Is 2343024 a multiple of 3816?
True
Does 474 divide 139398186?
True
Does 17 divide 181165085?
False
Is 20086520 a multiple of 14?
False
Is 450064 a multiple of 2?
True
Is 429 a factor of 2610982374?
True
Is 14540510 a multiple of 1486?
True
Is 337 a factor of 335586959?
True
Is 875 a factor of 8208148?
False
Is 178 a factor of 792660313?
False
Does 74 divide 406400304?
True
Is 97183268 a multiple of 196?
True
Is 12994743 a multiple of 131?
False
Is 22491169 a multiple of 56?
False
Is 99 a factor of 85769240?
False
Is 25881404 a multiple of 6?
False
Is 672243342 a multiple of 51?
True
Is 171942045 a multiple of 165?
True
Is 63768 even?
True
Does 16 divide 2407833?
False
Is 29186703 a multiple of 147?
True
Is 8 a factor of 17778408?
True
Is 55360008 a multiple of 396?
True
Is 156 a factor of 47860093?
False
Is 399 a factor of 90359136?
True
Is 2 a factor of 11093462?
True
Does 19 divide 31634328?
False
Does 149 divide 39741578?
True
Does 627 divide 6721010?
False
Is 340673584 a multiple of 34?
False
Does 168 divide 235209408?
True
Does 64 divide 1433796597?
False
Is 58 a factor of 34083754?
False
Does 133 divide 99590400?
True
Is 5086 a factor of 956198516?
True
Is 5645339 a multiple of 16?
False
Is 13159236 a multiple of 13?
False
Is 31456794 a multiple of 117?
False
Is 998866107 a multiple of 138?
False
Does 775 divide 33539675?
True
Is 117 a factor of 24273131?
False
Is 435 a factor of 3323325?
False
Is 2326 a factor of 123561772?
True
Does 230 divide 18161260?
True
Does 125 divide 1634197000?
True
Is 2 a factor of 6115753?
False
Is 354 a factor of 407163526?
False
Is 46 a factor of 43999552?
True
Does 6564 divide 1174818575?
False
Is 50 a factor of 418280935?
False
Does 6 divide 130569636?
True
Does 104 divide 846927224?
True
Does 15 divide 374895?
True
Does 291 divide 36161115?
True
Does 22 divide 17827386?
False
Does 1314 divide 181579032?
True
Is 2998440486 a multiple of 39?
False
Does 131 divide 155738695?
True
Is 150 a factor of 52618050?
True
Is 62 a factor of 67048248?
False
Is 66819578 a multiple of 7?
True
Is 63 a factor of 14482251?
True
Is 522544750 a multiple of 175?
True
Is 3657 a factor of 168153710?
False
Is 83 a factor of 5097611?
True
Is 1938346258 a multiple of 62?
False
Does 5 divide 34615995?
True
Does 37 divide 101715587?
False
Is 331 a factor of 1777931414?
True
Is 332307470 a multiple of 3763?
False
Does 89 divide 31357103?
True
Is 912 a factor of 326979734?
False
Is 26 a factor of 47294260?
True
Is 424349423 a multiple of 1319?
False
Is 17213213 a multiple of 549?
False
Does 3 divide 15681528?
True
Is 134155437 a multiple of 544?
False
Is 5 a factor of 2690982?
False
Is 3902020890 a multiple of 15?
True
Does 852 divide 307364964?
True
Is 639 a factor of 29916063?
True
Is 3222189217 a multiple of 29?
True
Is 692083471 a multiple of 13?
False
Is 28 a factor of 670905816?
True
Does 51 divide 372243845?
False
Does 2928 divide 15274437?
False
Is 28 a factor of 409633147?
False
Is 16 a factor of 209999872?
True
Is 219 a factor of 78526830?
True
Is 416717997 a multiple of 207?
False
Does 107 divide 2325540793?
False
Is 428 a factor of 2654242000?
True
Is 166 a factor of 912661858?
True
Does 37 divide 307586439?
True
Is 800 a factor of 10611237?
False
Does 85 divide 64282695?
True
Is 39 a factor of 614936907?
True
Is 5350510 a multiple of 22?
True
Is 7 a factor of 222884145?
False
Is 4154309796 a multiple of 247?
True
Is 75 a factor of 127968825?
True
Is 12540166 a multiple of 77?
False
Does 12 divide 166015272?
True
Is 1271 a factor of 1014425772?
True
Is 428631521 a multiple of 10?
False
Is 13693320 a multiple of 45?
True
Does 13 divide 222908712?
True
Is 365 a factor of 65835050?
True
Does 7591 divide 2114670416?
True
Does 33 divide 50511455?
False
Is 2 a factor of 63734892?
True
Is 154 a factor of 2501912?
False
Is 82083448 a multiple of 2753?
True
Is 847 a factor of 36381579?
False
Is 25445259 a multiple of 123?
False
Is 2252372 a multiple of 21?
False
Does 13 divide 3529357?
True
Is 25321296 a multiple of 48?
True
Does 1355 divide 65491513?
False
Is 10117996 a multiple of 688?
False
Does 256 divide 94150750?
False
Does 171 divide 146408661?
True
Is 278993352 a multiple of 1899?
False
Does 1857 divide 84070104?
True
Does 668 divide 486420144?
False
Is 1208 a factor of 107476831?
False
Is 26492400 a multiple of 6?
True
Is 49424014 a multiple of 122?
False
Is 41 a factor of 48645926?
True
Does 539 divide 212237718?
True
Does 360 divide 201